. Let z be b(-1). Calculate the greatest common divisor of z and w.
5
Suppose -89 + 27 = -5*j + 4*f, -3*j + f + 40 = 0. Let t be 112/(-1)*9/(-42)*4. Let u = j + t. Calculate the highest common divisor of 10 and u.
10
Suppose t - 23 = -3*h, -t = 4*h - 38 + 12. Suppose t*g - 81 = 5*g. Calculate the highest common factor of g and 117.
9
Suppose 23*v = 19*v + 12. Suppose 3*w = -2*w + 2*s + 81, 0 = w + 4*s - v. Suppose 4*n = -5 + 485. What is the highest common factor of w and n?
15
Let r = -8 - -12. Suppose 45 = r*v - 7. What is the highest common factor of v and 221?
13
Suppose 138 + 22 = 4*o. Let z(p) = -p**3 + 4*p**2. Let j be z(4). Suppose j = 13*g - 15*g + 16. What is the greatest common factor of g and o?
8
Let u be (-42)/8 + 6/(-8). Let y be (0 - (u + 1))*(-16)/10. Let l be ((-60)/y)/((-2)/(-48)). Calculate the greatest common factor of 20 and l.
20
Let p(o) = -12*o - 1 + 0 + 0 - 1 + 12*o**2 + o**3. Let f be p(-13). Let z(v) = -v - 9. Let g be z(f). What is the highest common divisor of 3 and g?
3
Suppose 0 = -2*s + 195 + 5. Suppose g - 51 = -c + 4*g, -2*c = 3*g - 84. Let b = c + -25. What is the highest common factor of b and s?
20
Suppose 799 = 20*o + 27*o. Calculate the greatest common divisor of o and 8857.
17
Suppose -32*k + 221 = 61. Suppose k*u + 400 = 55*u. What is the greatest common factor of 64 and u?
8
Suppose 1098 = -7*q + 356. Let g = -54 - q. Suppose -44 - g = -3*a. Calculate the greatest common factor of 8 and a.
8
Suppose 68*z - 1517 = 183. Let p(v) = 2*v**2 + 4*v + 7. Let k be p(-6). Calculate the highest common divisor of z and k.
5
Let l = -25 - -56. Let d be l - -270 - (1 - -4). Calculate the highest common factor of 8 and d.
8
Let o be ((-54)/9 - -439)*1 - -2. What is the greatest common divisor of 15 and o?
15
Suppose 84*t - 54 = 78*t. Let c be t*(-7 + (-138)/(-9)). Calculate the greatest common factor of c and 45.
15
Let r = -200 + 340. Let t be 4/22 - 2766/(-33). What is the highest common divisor of r and t?
28
Let f = -57 + 59. Suppose -26 = -q - f*i, -2*q = 3*q + i - 148. Let m be ((-1)/(10/(-120)))/((-6)/(-10)). Calculate the greatest common factor of q and m.
10
Let y(a) = 2*a**3 - 70*a**2 - 5*a + 263. Let q be y(35). What is the highest common factor of 136 and q?
8
Suppose 4*j - 5*t - 97 = 0, -6*j - 5*t = -j - 155. Let i = 625 - 359. What is the greatest common factor of i and j?
14
Let w be -12 + (1428 - (-15 - -10)). Calculate the greatest common divisor of 441 and w.
49
Suppose -16*a = 11*a + 73*a - 9900. Let d = -101 + 365. What is the highest common divisor of a and d?
33
Let d(q) = -10*q**3 + 7*q**2 - 11*q + 4. Let r be d(2). Let b be 656/10 + (-28)/r. Calculate the highest common factor of b and 374.
22
Suppose -342*v + 3*f - 83 = -344*v, 5*v + 3*f - 221 = 0. What is the highest common divisor of 621 and v?
23
Let w be (-3225)/11 - (-4)/44*2. Let h = w + 315. What is the highest common divisor of h and 66?
22
Let p = 566 - 126. What is the highest common divisor of p and 720?
40
Let o = -582 - -690. Suppose -25*i = -21*i - o. What is the greatest common factor of 3 and i?
3
Suppose 5*m = 4*j - 244, 2*j + 4*m - 81 - 15 = 0. Let t(v) = -v**3 - 30*v**2 - 45*v - 448. Let p be t(-29). What is the highest common divisor of p and j?
8
Let t = 11 - 3. Suppose 8*h - 3*h - 85 = 0. Suppose 4 = f - 4*j, j = -3*f + f + h. What is the greatest common factor of f and t?
8
Suppose 10*b = -5*f + 14*b + 22, 0 = f - 2*b + 4. Calculate the highest common factor of 79 and f.
1
Suppose 66*h + 92*h = -212*h + 25900. What is the greatest common divisor of 250 and h?
10
Suppose -21*d + 1067 + 2168 = -2120. What is the greatest common divisor of 935 and d?
85
Let b = -10640 - -10646. Calculate the greatest common factor of 2589 and b.
3
Suppose -5669 = -374*b + 3225 + 2700. Calculate the highest common factor of 21607 and b.
31
Suppose 2*a + 0*a + 10 = 0, -5*y + 3*a = 2705. Let f be 14/(-35) - y/10. What is the greatest common factor of 90 and f?
18
Let u be (40/6)/(495/4158). What is the highest common factor of u and 434?
14
Suppose 4 = -2*z, z - 10 = m - 5. Let n be 2/m + 1014/21. What is the greatest common divisor of 108 and n?
12
Let c be 2*(10 + -15 - 42/(-4)). Let p be ((-88)/(-6))/(2/24). What is the highest common divisor of c and p?
11
Suppose a = -0*m + 5*m - 10, 5*m - 5*a + 10 = 0. Suppose 144 = m*c + 3*c. Let b = 47 - c. What is the highest common factor of 69 and b?
23
Let q = 6798 - 6744. Suppose -470 = -2*p - 92. Calculate the highest common factor of p and q.
27
Suppose -375 = -6*h + 57. Let m(w) = 201*w - 12. Let g be m(4). Calculate the greatest common factor of g and h.
72
Let b(h) = h - 4. Let a be -4*(1 - (-35)/(-20)). Let w be b(a). Let m be 20/2*(8 - 11)*w. Calculate the greatest common factor of 6 and m.
6
Let s be -1*(-2)/6*0/104. Suppose 4*n - 6*n = 0, s = 5*g - 2*n - 2175. Calculate the greatest common factor of g and 87.
87
Suppose -6*v - v = -21. Let k be (-10)/15 + 23/v. Suppose -k*i + 66 = -i. What is the greatest common factor of 55 and i?
11
Let p = 2 + -2. Let g be (4 + 87/(-15))*(-10)/2. Suppose 3*a - 45 - g = p. Calculate the highest common factor of 4 and a.
2
Suppose -41*j = -28*j - 47918. Let b be 0 - j/(-8) - 57/76. Calculate the greatest common divisor of 20 and b.
20
Let n(x) = 51*x**3 - 2*x**2 + x + 2. Let f be n(1). Let h be 0 + 2/(-8) - (-533)/f. Let w be 1/((-2)/(-4)) - -18. What is the highest common factor of h and w?
10
Suppose -902*a + 893*a = -1377. Calculate the greatest common factor of a and 2448.
153
Let q = -5 - -7. Suppose q*z + 8 = 0, -17 - 179 = -3*u + z. What is the greatest common factor of 80 and u?
16
Suppose 160*i = -72*i + 8584. Calculate the highest common factor of i and 8621.
37
Suppose 18*t + 15517 = -15*t + 57097. What is the highest common divisor of 1980 and t?
180
Let d(b) = b + 1. Let o be d(-3). Let q(f) = 2*f**2 + 2*f - 1. Let n be q(o). Let g = 45 - 33. Calculate the greatest common factor of n and g.
3
Suppose -4*v - 3 = 2*r - 11, -r = -v + 5. Let s be (20/15 + -3)/(r/72). What is the greatest common divisor of s and 600?
60
Let o(j) = -112*j**3 + j + 1. Let t be -2*2*9/36. Let c be o(t). Suppose 0 = f + y - 48, 3*f = -0*f + 5*y + c. Calculate the highest common factor of 110 and f.
22
Suppose -16*s + 182 = -9*s. Let f(b) = 35*b**2 + s*b**2 - b + 8 - 60*b**2. Let m be f(-4). What is the greatest common divisor of m and 70?
14
Let r be 84/35 + -3 - 6/(-10). Suppose 2*h + 4*b - 44 = r, h = 4*b - 3*b + 7. Let n be 9/h + 111/12. Calculate the highest common divisor of n and 20.
10
Let q = 353 - 183. Let b = -1799 + 2003. What is the greatest common factor of b and q?
34
Suppose -3*t = -14*t + 176. What is the greatest common factor of t and 1888?
16
Let h(n) = -n**2 + 73*n - 980. Let v be h(33). Calculate the greatest common factor of 580 and v.
20
Suppose 5*g = 4*w + 20, -3*w = -g + 3 + 1. Suppose 0 = -q - 5*t + 65, 13 = -g*t - 3. Let i = q + -81. Calculate the greatest common divisor of i and 12.
4
Let a(n) = -2*n**3 + 10*n**2 + 292*n + 25. Let s be a(10). What is the highest common divisor of 25 and s?
5
Let u(r) = -r**3 + 8*r**2 + 36*r + 17. Let m be u(-4). What is the greatest common factor of m and 25?
5
Let x(q) = 115*q - 12. Let c be x(1). Let y = -58 + c. What is the greatest common divisor of 18 and y?
9
Let r = -27 - -363. Let z(t) be the second derivative of t**4/4 - 7*t. Let l be z(4). Calculate the highest common factor of l and r.
48
Suppose -q + 2972 = 3*z, 5*q - 2319 = -2*z - 329. Let h be z/24*8/6. What is the greatest common divisor of 99 and h?
11
Let u(w) be the first derivative of w**3 - 3*w**2/2 - 2*w - 1. Let c be u(-2). Let g = 22391 + -22375. Calculate the highest common factor of c and g.
16
Let g be 30 + -26 + 622/14 - 126/294. Suppose 0*u = -4*u + 2496. What is the greatest common factor of u and g?
48
Suppose g = 2*r - 35, -4*g + 3*g - r = 41. Let i = g - -43. Suppose 2*z = -5*n + 67, 2*z + 3*z - 185 = 5*n. What is the greatest common divisor of i and z?
4
Suppose 95*y - 11990 = 440495. Calculate the greatest common divisor of 44 and y.
11
Let o be ((-104)/3)/((-4)/12). Suppose -4*p - o = -4*u, 2*p + p = -3*u + 102. Suppose 26*l - u*l + 36 = 0. Calculate the greatest common factor of 15 and l.
3
Let d = 14445 - 12744. 